[gw18] [ 40%] PASSED tests/test_formats.py::test_valid_python_identifier[_] tests/test_formats.py::test_valid_pep440[1.73a2.post0] tests/test_formats.py::test_entrypoint_references_with_extras tests/test_examples.py::test_invalid_examples_cli[setuptools/pep621/license/both-text-and-file.toml]
[gw18] [ 40%] PASSED tests/test_formats.py::test_valid_pep440[1.73a2.post0]
[gw12] [ 40%] PASSED tests/test_formats.py::test_entrypoint_references_with_extras
[gw25] [ 41%] PASSED tests/test_formats.py::test_valid_python_identifier[\u03bb] tests/test_formats.py::test_valid_pep440[3!6.0]
[gw25] [ 41%] PASSED tests/test_formats.py::test_valid_pep440[3!6.0] tests/test_formats.py::test_invalid_python_identifier[\u263a]
[gw27] [ 41%] PASSED tests/test_formats.py::test_invalid_python_identifier[\u263a] tests/test_examples.py::test_invalid_examples_cli[setuptools/pep621/readme/readme-without-content-type.toml] tests/test_formats.py::test_valid_pep440[1.42.post0]
[gw28] [ 41%] PASSED tests/test_formats.py::test_valid_pep440[1.42.post0] tests/test_examples.py::test_invalid_examples_cli[setuptools/package-dir/invalid-name.toml] tests/test_formats.py::test_valid_pep440[1988.12]
[gw16] [ 42%] PASSED tests/test_formats.py::test_valid_pep440[1988.12] tests/test_formats.py::test_valid_pep440[2.23.post6.dev0] tests/test_formats.py::test_valid_pep440[0.99a9]
[gw19] [ 42%] PASSED tests/test_formats.py::test_valid_pep440[0.99a9] tests/test_formats.py::test_valid_pep440[v4.0.1]
[gw12] [ 42%] PASSED tests/test_formats.py::test_valid_pep440[v4.0.1]
[gw18] [ 42%] PASSED tests/test_formats.py::test_valid_pep440[2.23.post6.dev0] tests/test_formats.py::test_valid_pep440[1.0+abc.7]
[gw25] [ 42%] PASSED tests/test_formats.py::test_valid_pep440[1.0+abc.7]
[gw5] [ 43%] PASSED tests/test_examples.py::test_invalid_examples_api[setuptools/dependencies/invalid-extra-name.toml] tests/test_formats.py::test_entrypoint_name[python-simplified-semver]
[gw5] [ 43%] PASSED tests/test_formats.py::test_entrypoint_name[python-simplified-semver] tests/test_formats.py::test_entrypoint_name[release-branch-semver]
[gw5] [ 43%] PASSED tests/test_formats.py::test_entrypoint_name[release-branch-semver] tests/test_formats.py::test_invalid_pep440[v4.0.1.mysuffix]
[gw27] [ 43%] PASSED tests/test_formats.py::test_invalid_pep440[v4.0.1.mysuffix]
[gw10] [ 43%] PASSED tests/test_examples.py::test_invalid_examples_cli[pdm/redefining-as-dynamic/pyproject.toml] tests/test_formats.py::test_invalid_pep440[p4.0.2] tests/test_formats.py::test_valid_pep508_versionspec[~= 2.2.post3] tests/test_formats.py::test_valid_pep508_versionspec[>= 1.4.5, == 1.4.*]
[gw28] [ 44%] PASSED tests/test_formats.py::test_invalid_pep440[p4.0.2]
[gw16] [ 44%] PASSED tests/test_formats.py::test_valid_pep508_versionspec[~= 2.2.post3] tests/test_formats.py::test_invalid_pep508_versionspec[~ 0.9, ~> 1.0, - 1.3.4.*]
[gw18] [ 44%] PASSED tests/test_formats.py::test_invalid_pep508_versionspec[~ 0.9, ~> 1.0, - 1.3.4.*] tests/test_formats.py::test_invalid_pep508_versionspec[~> 1.0]
[gw25] [ 44%] PASSED tests/test_formats.py::test_invalid_pep508_versionspec[~> 1.0]
[gw7] [ 45%] PASSED tests/test_examples.py::test_invalid_examples_cli[setuptools/packages/invalid-name.toml] tests/test_formats.py::test_entrypoint_name[setup.py]
[gw7] [ 45%] PASSED tests/test_formats.py::test_entrypoint_name[setup.py] tests/test_formats.py::test_entrypoint_name[guess-next-dev]
[gw7] [ 45%] PASSED tests/test_formats.py::test_entrypoint_name[guess-next-dev]
[gw19] [ 45%] PASSED tests/test_formats.py::test_valid_pep508_versionspec[>= 1.4.5, == 1.4.*] tests/test_formats.py::test_invalid_pep508_versionspec[- 1.3.4.*]
[gw12] [ 45%] PASSED tests/test_formats.py::test_invalid_pep508_versionspec[- 1.3.4.*] tests/test_formats.py::test_entrypoint_name[no-guess-dev] tests/test_examples.py::test_invalid_examples_cli[pep621/incorrect-subtables/author_with_extra_fields.toml] tests/test_formats.py::test_invalid_pep508_versionspec[@ file:///localbuilds/pip-1.3.1.zip] tests/test_formats.py::test_invalid_pep508_versionspec[~ 0.9]
[gw27] [ 46%] PASSED tests/test_formats.py::test_invalid_pep508_versionspec[~ 0.9]
[gw28] [ 46%] PASSED tests/test_formats.py::test_invalid_pep508_versionspec[@ file:///localbuilds/pip-1.3.1.zip] tests/test_formats.py::test_invalid_pep508_versionspec[v1.0; python_version<"2.7"]
[gw16] [ 46%] PASSED tests/test_formats.py::test_invalid_pep508_versionspec[v1.0; python_version<"2.7"]
[gw5] [ 46%] PASSED tests/test_formats.py::test_entrypoint_name[no-guess-dev] tests/test_formats.py::test_valid_url[http://python.org] tests/test_formats.py::test_valid_url[http://localhost:8000]
[gw18] [ 46%] PASSED tests/test_formats.py::test_valid_url[http://python.org]
[gw25] [ 47%] PASSED tests/test_formats.py::test_valid_url[http://localhost:8000] tests/test_formats.py::test_entrypoint_name[post-release] tests/test_formats.py::test_valid_url[https://python.org] tests/test_formats.py::test_valid_url[ftp://python.org]
[gw7] [ 47%] PASSED tests/test_formats.py::test_entrypoint_name[post-release]
[gw12] [ 47%] PASSED tests/test_formats.py::test_valid_url[ftp://python.org] tests/test_formats.py::test_invalid_url[]
[gw27] [ 47%] PASSED tests/test_formats.py::test_invalid_url[] tests/test_formats.py::test_invalid_url[http:python.org]
[gw16] [ 48%] PASSED tests/test_formats.py::test_invalid_url[http:python.org] tests/test_formats.py::test_valid_url[scheme://netloc/path;parameters?query#fragment]
[gw5] [ 48%] PASSED tests/test_formats.py::test_valid_url[scheme://netloc/path;parameters?query#fragment]
[gw4] [ 48%] PASSED tests/test_examples.py::test_invalid_examples_api[pdm/invalid-version/pyproject.toml] tests/test_formats.py::test_invalid_url[p@python.org]
[gw28] [ 48%] PASSED tests/test_formats.py::test_invalid_url[p@python.org] tests/test_formats.py::test_valid_module_name[ab.c.d]
[gw7] [ 48%] PASSED tests/test_formats.py::test_valid_module_name[ab.c.d] tests/test_formats.py::test_invalid_module_name[-]
[gw12] [ 49%] PASSED tests/test_formats.py::test_invalid_module_name[-] tests/test_formats.py::test_entrypoint_references[pyscaffold.extensions.namespace:Namespace]
[gw4] [ 49%] PASSED tests/test_formats.py::test_entrypoint_references[pyscaffold.extensions.namespace:Namespace] tests/test_formats.py::test_invalid_url[/python.org]
[gw18] [ 49%] PASSED tests/test_formats.py::test_invalid_url[/python.org]
[gw19] [ 49%] PASSED tests/test_formats.py::test_valid_url[https://python.org] tests/test_formats.py::test_valid_module_name[ab]
[gw25] [ 50%] PASSED tests/test_formats.py::test_valid_module_name[ab]
[gw15] [ 50%] PASSED tests/test_examples.py::test_invalid_examples_cli[pep621/dynamic/static_entry_points_listed_as_dynamic.toml] tests/test_formats.py::test_invalid_module_name[.example] tests/test_formats.py::TestClassifiers::test_always_valid_with_no_network[VALIDATE_PYPROJECT_NO_NETWORK] tests/test_formats.py::TestClassifiers::test_does_not_break_public_function_detection
[gw5] [ 50%] PASSED tests/test_formats.py::TestClassifiers::test_does_not_break_public_function_detection tests/test_formats.py::test_invalid_module_name[ab-cd]
[gw28] [ 50%] PASSED tests/test_formats.py::test_invalid_module_name[ab-cd] tests/test_formats.py::test_invalid_module_name[ ]
[gw27] [ 50%] PASSED tests/test_formats.py::test_invalid_module_name[ ]
[gw16] [ 51%] PASSED tests/test_formats.py::test_invalid_module_name[.example]
[gw12] [ 51%] PASSED tests/test_formats.py::TestClassifiers::test_always_valid_with_no_network[VALIDATE_PYPROJECT_NO_NETWORK] tests/test_formats.py::test_entrypoint_references[pyscaffold.extensions.no_skeleton:NoSkeleton]
[gw4] [ 51%] PASSED tests/test_formats.py::test_entrypoint_references[pyscaffold.extensions.no_skeleton:NoSkeleton] tests/test_formats.py::TestClassifiers::test_always_valid_with_no_network[NO_NETWORK]
[gw7] [ 51%] PASSED tests/test_formats.py::TestClassifiers::test_always_valid_with_no_network[NO_NETWORK] tests/test_formats.py::TestClassifiers::test_download tests/test_formats.py::test_valid_module_name[abc._d.\u03bb] tests/test_formats.py::test_entrypoint_group[console_scripts0] tests/test_formats.py::TestClassifiers::test_valid_download_only_once
[gw19] [ 51%] PASSED tests/test_formats.py::test_valid_module_name[abc._d.\u03bb]
[gw15] [ 52%] PASSED tests/test_formats.py::test_entrypoint_group[console_scripts0] tests/test_formats.py::TestClassifiers::test_always_valid_after_download_error tests/test_json_schema_summary.py::test_summary_generation[if-then-else.example]
[gw5] [ 52%] PASSED tests/test_formats.py::TestClassifiers::test_always_valid_after_download_error tests/test_formats.py::TestClassifiers::test_always_valid_with_skip_download
[gw16] [ 52%] PASSED tests/test_formats.py::TestClassifiers::test_always_valid_with_skip_download tests/test_json_schema_summary.py::test_summary_generation[object-no-properties.example] tests/test_json_schema_summary.py::test_summary_generation[object-property-names.example]
[gw27] [ 52%] PASSED tests/test_json_schema_summary.py::test_summary_generation[object-property-names.example]
[gw12] [ 53%] PASSED tests/test_json_schema_summary.py::test_summary_generation[object-no-properties.example] tests/test_json_schema_summary.py::test_summary_generation[array-no-items.example]
[gw28] [ 53%] PASSED tests/test_json_schema_summary.py::test_summary_generation[if-then-else.example] tests/test_json_schema_summary.py::test_summary_generation[object-pattern-properties.example]
[gw4] [ 53%] PASSED tests/test_json_schema_summary.py::test_summary_generation[object-pattern-properties.example] tests/test_json_schema_summary.py::test_summary_generation[oneof.example] tests/test_json_schema_summary.py::test_summary_generation[if-then-else2.example]
[gw15] [ 53%] PASSED tests/test_json_schema_summary.py::test_summary_generation[if-then-else2.example]
[gw7] [ 53%] PASSED tests/test_json_schema_summary.py::test_summary_generation[array-no-items.example]
[gw19] [ 54%] PASSED tests/test_json_schema_summary.py::test_summary_generation[oneof.example]
[gw6] [ 54%] PASSED tests/test_examples.py::test_invalid_examples_api[pep621/non-standardised-project-fields/author_instead_of_authors.toml] tests/test_formats.py::test_invalid_python_identifier[a.b] tests/test_json_schema_summary.py::test_summary_generation[not.example]
[gw6] [ 54%] PASSED tests/test_formats.py::test_invalid_python_identifier[a.b]
[gw5] [ 54%] PASSED tests/test_json_schema_summary.py::test_summary_generation[not.example] tests/test_plugins.py::test_load_from_entry_point__error tests/test_plugins.py::test_list_from_entry_points tests/test_plugins.py::test_iterate_entry_points tests/test_json_schema_summary.py::test_summary_generation[array-prefix-items.example]
[gw27] [ 54%] PASSED tests/test_plugins.py::test_load_from_entry_point__error
[gw28] [ 55%] PASSED tests/test_json_schema_summary.py::test_summary_generation[array-prefix-items.example] tests/test_plugins.py::TestPluginWrapper::test_empty_help_text tests/test_pre_compile.py::test_pre_compile_api tests/test_pre_compile.py::test_examples_api[cibuildwheel/overrides.toml-api_pre_compile]
[gw16] [ 55%] PASSED tests/test_plugins.py::test_iterate_entry_points tests/test_pre_compile.py::test_vendoring_cli
[gw4] [ 55%] PASSED tests/test_plugins.py::TestPluginWrapper::test_empty_help_text tests/test_formats.py::test_invalid_python_identifier[x+y]
[gw6] [ 55%] PASSED tests/test_formats.py::test_invalid_python_identifier[x+y] tests/test_pre_compile.py::test_examples_api[cibuildwheel/overrides.toml-cli_pre_compile]
[gw12] [ 56%] PASSED tests/test_plugins.py::test_list_from_entry_points tests/test_pre_compile.py::test_examples_api[cibuildwheel/default.toml-api_pre_compile] tests/test_pre_compile.py::test_examples_api[setuptools/06-pyproject.toml-cli_pre_compile] tests/test_pre_compile.py::test_examples_api[setuptools/06-pyproject.toml-api_pre_compile] tests/test_pre_compile.py::test_examples_api[setuptools/08-pyproject.toml-api_pre_compile] tests/test_pre_compile.py::test_examples_api[setuptools/01-pyproject.toml-api_pre_compile] tests/test_pre_compile.py::test_examples_api[cibuildwheel/default.toml-cli_pre_compile]
[gw26] [ 56%] PASSED tests/test_examples.py::test_invalid_examples_cli[setuptools/pep621/license/both-text-and-file.toml]
[gw17] [ 56%] PASSED tests/test_examples.py::test_invalid_examples_cli[setuptools/package-dir/invalid-name.toml]
[gw24] [ 56%] PASSED tests/test_examples.py::test_invalid_examples_cli[setuptools/pep621/readme/readme-without-content-type.toml] tests/test_formats.py::test_invalid_pep440[0-9-10]
[gw26] [ 56%] PASSED tests/test_formats.py::test_invalid_pep440[0-9-10] tests/test_formats.py::test_valid_pep508_versionspec[!= 1.1.post1] tests/test_formats.py::test_valid_pep508_versionspec[~= 0.9, >= 1.0, != 1.3.4.*, < 2.0]
[gw17] [ 57%] PASSED tests/test_formats.py::test_valid_pep508_versionspec[!= 1.1.post1]
[gw24] [ 57%] PASSED tests/test_formats.py::test_valid_pep508_versionspec[~= 0.9, >= 1.0, != 1.3.4.*, < 2.0]
[gw18] [ 57%] PASSED tests/test_formats.py::TestClassifiers::test_download tests/test_pre_compile.py::test_examples_api[setuptools/04-pyproject.toml-cli_pre_compile] tests/test_pre_compile.py::test_examples_api[setuptools/04-pyproject.toml-api_pre_compile] tests/test_pre_compile.py::test_examples_api[setuptools/05-pyproject.toml-api_pre_compile]
[gw25] [ 57%] PASSED tests/test_formats.py::TestClassifiers::test_valid_download_only_once tests/test_json_schema_summary.py::test_summary_generation[array-simple.example]
[gw18] [ 57%] PASSED tests/test_json_schema_summary.py::test_summary_generation[array-simple.example] tests/test_json_schema_summary.py::test_summary_generation[array-contains.example]
[gw25] [ 58%] PASSED tests/test_json_schema_summary.py::test_summary_generation[array-contains.example] tests/test_pre_compile.py::test_examples_api[pdm/pyproject.toml-api_pre_compile] tests/test_pre_compile.py::test_examples_api[pdm/pyproject.toml-cli_pre_compile]
[gw10] [ 58%] PASSED tests/test_examples.py::test_invalid_examples_cli[pep621/incorrect-subtables/author_with_extra_fields.toml] tests/test_formats.py::test_invalid_url[42]
[gw10] [ 58%] PASSED tests/test_formats.py::test_invalid_url[42] tests/test_pre_compile.py::test_examples_api[flit/pyproject.toml-api_pre_compile]
[gw16] [ 58%] PASSED tests/test_pre_compile.py::test_examples_api[setuptools/06-pyproject.toml-api_pre_compile] tests/test_pre_compile.py::test_examples_api[setuptools/02-pyproject.toml-api_pre_compile]
[gw24] [ 59%] PASSED tests/test_pre_compile.py::test_examples_api[setuptools/05-pyproject.toml-api_pre_compile] tests/test_pre_compile.py::test_examples_api[setuptools/09-pyproject.toml-cli_pre_compile]
[gw4] [ 59%] PASSED tests/test_pre_compile.py::test_examples_api[setuptools/08-pyproject.toml-api_pre_compile] tests/test_pre_compile.py::test_examples_api[setuptools/02-pyproject.toml-cli_pre_compile]
[gw26] [ 59%] PASSED tests/test_pre_compile.py::test_examples_api[setuptools/04-pyproject.toml-api_pre_compile] tests/test_pre_compile.py::test_examples_api[setuptools/05-pyproject.toml-cli_pre_compile]
[gw28] [ 59%] PASSED tests/test_pre_compile.py::test_examples_api[setuptools/06-pyproject.toml-cli_pre_compile] tests/test_pre_compile.py::test_examples_api[setuptools/07-pyproject.toml-cli_pre_compile]
[gw6] [ 59%] PASSED tests/test_pre_compile.py::test_examples_api[setuptools/01-pyproject.toml-api_pre_compile] tests/test_pre_compile.py::test_examples_api[setuptools/03-pyproject.toml-api_pre_compile]
[gw25] [ 60%] PASSED tests/test_pre_compile.py::test_examples_api[pdm/pyproject.toml-cli_pre_compile] tests/test_pre_compile.py::test_examples_api[pep_text/pyproject.toml-cli_pre_compile]
[gw17] [ 60%] PASSED tests/test_pre_compile.py::test_examples_api[setuptools/04-pyproject.toml-cli_pre_compile] tests/test_pre_compile.py::test_examples_api[setuptools/09-pyproject.toml-api_pre_compile]
[gw24] [ 60%] PASSED tests/test_pre_compile.py::test_examples_api[setuptools/09-pyproject.toml-cli_pre_compile] tests/test_pre_compile.py::test_examples_api[atoml/pyproject.toml-cli_pre_compile]
[gw18] [ 60%] PASSED tests/test_pre_compile.py::test_examples_api[pdm/pyproject.toml-api_pre_compile] tests/test_pre_compile.py::test_examples_api[pep_text/pyproject.toml-api_pre_compile]
[gw26] [ 60%] PASSED tests/test_pre_compile.py::test_examples_api[setuptools/05-pyproject.toml-cli_pre_compile] tests/test_pre_compile.py::test_examples_api[trampolim/pyproject.toml-cli_pre_compile]
[gw10] [ 61%] PASSED tests/test_pre_compile.py::test_examples_api[flit/pyproject.toml-api_pre_compile] tests/test_pre_compile.py::test_examples_api[flit/pyproject.toml-cli_pre_compile]
[gw16] [ 61%] PASSED tests/test_pre_compile.py::test_examples_api[setuptools/02-pyproject.toml-api_pre_compile] tests/test_pre_compile.py::test_examples_api[atoml/pyproject.toml-api_pre_compile]
[gw31] [ 61%] PASSED tests/test_examples.py::test_examples_cli[poetry/poetry-inline-table.toml] tests/test_examples.py::test_examples_cli[poetry/poetry-complete.toml]
[gw4] [ 61%] PASSED tests/test_pre_compile.py::test_examples_api[setuptools/02-pyproject.toml-cli_pre_compile] tests/test_pre_compile.py::test_examples_api[trampolim/pyproject.toml-api_pre_compile]
[gw14] [ 62%] PASSED tests/test_examples.py::test_examples_api[cibuildwheel/default.toml]
[gw17] [ 62%] PASSED tests/test_pre_compile.py::test_examples_api[setuptools/09-pyproject.toml-api_pre_compile] tests/test_examples.py::test_examples_api[setuptools/06-pyproject.toml] tests/test_pre_compile.py::test_examples_api[simple/minimal.toml-cli_pre_compile]
[gw21] [ 62%] PASSED tests/test_examples.py::test_examples_api[poetry/poetry-author-no-email.toml] tests/test_examples.py::test_examples_api[poetry/poetry-readme-files.toml]
[gw6] [ 62%] PASSED tests/test_pre_compile.py::test_examples_api[setuptools/03-pyproject.toml-api_pre_compile] tests/test_pre_compile.py::test_examples_api[simple/dynamic-version.toml-cli_pre_compile]
[gw30] [ 62%] PASSED tests/test_examples.py::test_examples_cli[poetry/poetry-capital-in-author-email.toml] tests/test_examples.py::test_examples_cli[poetry/poetry-author-no-email.toml]
[gw28] [ 63%] PASSED tests/test_pre_compile.py::test_examples_api[setuptools/07-pyproject.toml-cli_pre_compile] tests/test_pre_compile.py::test_examples_api[simple/dynamic-version.toml-api_pre_compile]
[gw22] [ 63%] PASSED tests/test_examples.py::test_examples_api[poetry/poetry-complete.toml] tests/test_examples.py::test_examples_api[poetry/poetry-sample-project.toml]
[gw7] [ 63%] PASSED tests/test_pre_compile.py::test_pre_compile_api
[gw19] [ 63%] PASSED tests/test_pre_compile.py::test_vendoring_cli tests/test_pre_compile.py::test_examples_api[setuptools/08-pyproject.toml-cli_pre_compile]
[gw24] [ 64%] PASSED tests/test_pre_compile.py::test_examples_api[atoml/pyproject.toml-cli_pre_compile] tests/test_pre_compile.py::test_examples_api[setuptools/readme-pyproject.toml-cli_pre_compile] tests/test_pre_compile.py::test_examples_api[ruff/modern.toml-api_pre_compile]
[gw13] [ 64%] PASSED tests/test_examples.py::test_examples_api[cibuildwheel/overrides.toml] tests/test_examples.py::test_invalid_examples_api[poetry/poetry-bad-multiline.toml]
[gw23] [ 64%] PASSED tests/test_examples.py::test_examples_cli[cibuildwheel/overrides.toml] tests/test_examples.py::test_examples_cli[cibuildwheel/default.toml]
[gw14] [ 64%] PASSED tests/test_examples.py::test_examples_api[setuptools/06-pyproject.toml] tests/test_examples.py::test_examples_api[setuptools/08-pyproject.toml]
[gw26] [ 64%] PASSED tests/test_pre_compile.py::test_examples_api[trampolim/pyproject.toml-cli_pre_compile] tests/test_pre_compile.py::test_examples_api[localtool/working.toml-api_pre_compile]
[gw17] [ 65%] PASSED tests/test_pre_compile.py::test_examples_api[simple/minimal.toml-cli_pre_compile]
[gw25] [ 65%] PASSED tests/test_pre_compile.py::test_examples_api[pep_text/pyproject.toml-cli_pre_compile] tests/test_pre_compile.py::test_examples_api[poetry/poetry-author-no-email.toml-api_pre_compile] tests/test_pre_compile.py::test_examples_api[simple/minimal.toml-api_pre_compile]
[gw8] [ 65%] PASSED tests/test_examples.py::test_invalid_examples_cli[cibuildwheel/overrides-noaction.toml]
[gw18] [ 65%] PASSED tests/test_pre_compile.py::test_examples_api[pep_text/pyproject.toml-api_pre_compile] tests/test_examples.py::test_invalid_examples_cli[cibuildwheel/unknown-option.toml]
[gw16] [ 65%] PASSED tests/test_pre_compile.py::test_examples_api[atoml/pyproject.toml-api_pre_compile] tests/test_pre_compile.py::test_examples_api[ruff/modern.toml-cli_pre_compile] tests/test_pre_compile.py::test_examples_api[poetry/poetry-capital-in-author-email.toml-api_pre_compile]
[gw10] [ 66%] PASSED tests/test_pre_compile.py::test_examples_api[flit/pyproject.toml-cli_pre_compile] tests/test_pre_compile.py::test_examples_api[localtool/working.toml-cli_pre_compile]
[gw0] [ 66%] PASSED tests/test_examples.py::test_invalid_examples_cli[cibuildwheel/overrides-noselect.toml] tests/test_examples.py::test_invalid_examples_cli[pep621/non-standardised-project-fields/requires_instead_of_dependencies.toml]
[gw28] [ 66%] PASSED tests/test_pre_compile.py::test_examples_api[simple/dynamic-version.toml-api_pre_compile] tests/test_pre_compile.py::test_examples_api[poetry/poetry-readme-files.toml-api_pre_compile]
[gw14] [ 66%] PASSED tests/test_examples.py::test_examples_api[setuptools/08-pyproject.toml] tests/test_pre_compile.py::test_examples_api[poetry/poetry-complete.toml-api_pre_compile]
[gw7] [ 67%] PASSED tests/test_pre_compile.py::test_examples_api[setuptools/08-pyproject.toml-cli_pre_compile] tests/test_pre_compile.py::test_examples_api[poetry/poetry-readme-files.toml-cli_pre_compile]
[gw6] [ 67%] PASSED tests/test_pre_compile.py::test_examples_api[simple/dynamic-version.toml-cli_pre_compile] tests/test_pre_compile.py::test_examples_api[poetry/poetry-author-no-email.toml-cli_pre_compile]
[gw19] [ 67%] PASSED tests/test_pre_compile.py::test_examples_api[setuptools/readme-pyproject.toml-cli_pre_compile]
[gw4] [ 67%] PASSED tests/test_pre_compile.py::test_examples_api[trampolim/pyproject.toml-api_pre_compile] tests/test_pre_compile.py::test_examples_api[poetry/poetry-inline-table.toml-api_pre_compile] tests/test_pre_compile.py::test_examples_api[poetry/poetry-capital-in-author-email.toml-cli_pre_compile]
[gw26] [ 67%] PASSED tests/test_pre_compile.py::test_examples_api[localtool/working.toml-api_pre_compile] tests/test_pre_compile.py::test_examples_api[poetry/poetry-complete.toml-cli_pre_compile]
[gw25] [ 68%] PASSED tests/test_pre_compile.py::test_examples_api[simple/minimal.toml-api_pre_compile] tests/test_pre_compile.py::test_examples_api[poetry/poetry-sample-project.toml-cli_pre_compile]
[gw10] [ 68%] PASSED tests/test_pre_compile.py::test_examples_api[localtool/working.toml-cli_pre_compile] tests/test_pre_compile.py::test_invalid_examples_api[cibuildwheel/overrides-noselect.toml-api_pre_compile]
[gw0] [ 68%] PASSED tests/test_examples.py::test_invalid_examples_cli[pep621/non-standardised-project-fields/requires_instead_of_dependencies.toml] tests/test_examples.py::test_invalid_examples_cli[pep621/non-standardised-project-fields/author_instead_of_authors.toml]
[gw9] [ 68%] PASSED tests/test_examples.py::test_invalid_examples_cli[poetry/poetry-bad-multiline.toml] tests/test_examples.py::test_invalid_examples_cli[store/cibw-overrides-noaction.toml]
[gw0] [ 68%] PASSED tests/test_examples.py::test_invalid_examples_cli[pep621/non-standardised-project-fields/author_instead_of_authors.toml] tests/test_examples.py::test_invalid_examples_cli[pep621/missing-fields/missing-version-with-dynamic.toml]
[gw0] [ 69%] PASSED tests/test_examples.py::test_invalid_examples_cli[pep621/missing-fields/missing-version-with-dynamic.toml] tests/test_pre_compile.py::test_invalid_examples_api[localtool/fail1.toml-cli_pre_compile]
[gw27] [ 69%] PASSED tests/test_pre_compile.py::test_examples_api[cibuildwheel/default.toml-api_pre_compile] tests/test_pre_compile.py::test_examples_api[setuptools/07-pyproject.toml-api_pre_compile]
[gw15] [ 69%] PASSED tests/test_pre_compile.py::test_examples_api[cibuildwheel/overrides.toml-api_pre_compile] tests/test_pre_compile.py::test_examples_api[setuptools/readme-pyproject.toml-api_pre_compile]
[gw5] [ 69%] PASSED tests/test_pre_compile.py::test_examples_api[cibuildwheel/overrides.toml-cli_pre_compile] tests/test_pre_compile.py::test_examples_api[setuptools/01-pyproject.toml-cli_pre_compile]
[gw12] [ 70%] PASSED tests/test_pre_compile.py::test_examples_api[cibuildwheel/default.toml-cli_pre_compile] tests/test_pre_compile.py::test_examples_api[setuptools/03-pyproject.toml-cli_pre_compile]
[gw0] [ 70%] PASSED tests/test_pre_compile.py::test_invalid_examples_api[localtool/fail1.toml-cli_pre_compile] tests/test_pre_compile.py::test_invalid_examples_api[localtool/fail2.toml-api_pre_compile]
[gw27] [ 70%] PASSED tests/test_pre_compile.py::test_examples_api[setuptools/07-pyproject.toml-api_pre_compile] tests/test_pre_compile.py::test_invalid_examples_api[localtool/fail2.toml-cli_pre_compile]
[gw12] [ 70%] PASSED tests/test_pre_compile.py::test_examples_api[setuptools/03-pyproject.toml-cli_pre_compile] tests/test_pre_compile.py::test_invalid_examples_api[store/cibw-overrides-noaction.toml-api_pre_compile]
[gw11] [ 70%] PASSED tests/test_examples.py::test_invalid_examples_api[ruff/badcode.toml] tests/test_examples.py::test_invalid_examples_api[ruff/unknown.toml]
[gw31] [ 71%] PASSED tests/test_examples.py::test_examples_cli[poetry/poetry-complete.toml] tests/test_examples.py::test_examples_cli[poetry/poetry-sample-project.toml]
[gw0] [ 71%] PASSED tests/test_pre_compile.py::test_invalid_examples_api[localtool/fail2.toml-api_pre_compile]
[gw15] [ 71%] PASSED tests/test_pre_compile.py::test_examples_api[setuptools/readme-pyproject.toml-api_pre_compile] tests/test_pre_compile.py::test_invalid_examples_api[store/cibw-overrides-noaction.toml-cli_pre_compile] tests/test_pre_compile.py::test_invalid_examples_api[poetry/poetry-bad-multiline.toml-api_pre_compile]
[gw5] [ 71%] PASSED tests/test_pre_compile.py::test_examples_api[setuptools/01-pyproject.toml-cli_pre_compile] tests/test_pre_compile.py::test_invalid_examples_api[poetry/poetry-bad-multiline.toml-cli_pre_compile]
[gw22] [ 71%] PASSED tests/test_examples.py::test_examples_api[poetry/poetry-sample-project.toml] tests/test_examples.py::test_examples_api[store/example.toml]
[gw20] [ 72%] PASSED tests/test_examples.py::test_examples_api[ruff/modern.toml] tests/test_examples.py::test_examples_api[localtool/working.toml]
[gw21] [ 72%] PASSED tests/test_examples.py::test_examples_api[poetry/poetry-readme-files.toml] tests/test_examples.py::test_examples_api[poetry/poetry-inline-table.toml]
[gw27] [ 72%] PASSED tests/test_pre_compile.py::test_invalid_examples_api[localtool/fail2.toml-cli_pre_compile] tests/test_pre_compile.py::test_invalid_examples_api[store/cibw-unknown-option.toml-api_pre_compile]
[gw30] [ 72%] PASSED tests/test_examples.py::test_examples_cli[poetry/poetry-author-no-email.toml] tests/test_examples.py::test_examples_cli[poetry/poetry-readme-files.toml]
[gw13] [ 73%] PASSED tests/test_examples.py::test_invalid_examples_api[poetry/poetry-bad-multiline.toml] tests/test_examples.py::test_invalid_examples_api[store/cibw-overrides-noaction.toml]
[gw8] [ 73%] PASSED tests/test_examples.py::test_invalid_examples_cli[cibuildwheel/unknown-option.toml] tests/test_examples.py::test_invalid_examples_cli[ruff/badcode.toml]
[gw20] [ 73%] PASSED tests/test_examples.py::test_examples_api[localtool/working.toml] tests/test_examples.py::test_examples_api[poetry/poetry-capital-in-author-email.toml]
[gw23] [ 73%] PASSED tests/test_examples.py::test_examples_cli[cibuildwheel/default.toml] tests/test_examples.py::test_examples_cli[setuptools/06-pyproject.toml]
[gw29] [ 73%] PASSED tests/test_examples.py::test_examples_cli[ruff/modern.toml] tests/test_examples.py::test_examples_cli[localtool/working.toml]
[gw17] [ 74%] PASSED tests/test_pre_compile.py::test_examples_api[poetry/poetry-author-no-email.toml-api_pre_compile] tests/test_pre_compile.py::test_examples_api[poetry/poetry-sample-project.toml-api_pre_compile]
[gw26] [ 74%] PASSED tests/test_pre_compile.py::test_examples_api[poetry/poetry-complete.toml-cli_pre_compile] tests/test_pre_compile.py::test_invalid_examples_api[ruff/badcode.toml-cli_pre_compile]
[gw28] [ 74%] PASSED tests/test_pre_compile.py::test_examples_api[poetry/poetry-readme-files.toml-api_pre_compile] tests/test_pre_compile.py::test_invalid_examples_api[cibuildwheel/overrides-noselect.toml-cli_pre_compile]
[gw16] [ 74%] PASSED tests/test_pre_compile.py::test_examples_api[poetry/poetry-capital-in-author-email.toml-api_pre_compile] tests/test_pre_compile.py::test_examples_api[store/example.toml-cli_pre_compile]
[gw23] [ 75%] PASSED tests/test_examples.py::test_examples_cli[setuptools/06-pyproject.toml]
[gw19] [ 75%] PASSED tests/test_pre_compile.py::test_examples_api[poetry/poetry-inline-table.toml-api_pre_compile] tests/test_pre_compile.py::test_invalid_examples_api[setuptools/attr/missing-attr-name.toml-cli_pre_compile] tests/test_pre_compile.py::test_invalid_examples_api[cibuildwheel/unknown-option.toml-cli_pre_compile]
[gw14] [ 75%] PASSED tests/test_pre_compile.py::test_examples_api[poetry/poetry-complete.toml-api_pre_compile] tests/test_pre_compile.py::test_invalid_examples_api[cibuildwheel/overrides-noaction.toml-api_pre_compile]
[gw7] [ 75%] PASSED tests/test_pre_compile.py::test_examples_api[poetry/poetry-readme-files.toml-cli_pre_compile] tests/test_pre_compile.py::test_invalid_examples_api[cibuildwheel/overrides-noaction.toml-cli_pre_compile]
[gw4] [ 75%] PASSED tests/test_pre_compile.py::test_examples_api[poetry/poetry-capital-in-author-email.toml-cli_pre_compile] tests/test_pre_compile.py::test_invalid_examples_api[ruff/badcode.toml-api_pre_compile]
[gw6] [ 76%] PASSED tests/test_pre_compile.py::test_examples_api[poetry/poetry-author-no-email.toml-cli_pre_compile] tests/test_pre_compile.py::test_invalid_examples_api[cibuildwheel/unknown-option.toml-api_pre_compile]
[gw29] [ 76%] PASSED tests/test_examples.py::test_examples_cli[localtool/working.toml] tests/test_pre_compile.py::test_invalid_examples_api[setuptools/packages/missing-find-arguments.toml-api_pre_compile]
[gw10] [ 76%] PASSED tests/test_pre_compile.py::test_invalid_examples_api[cibuildwheel/overrides-noselect.toml-api_pre_compile] tests/test_pre_compile.py::test_invalid_examples_api[ruff/unknown.toml-cli_pre_compile]
[gw25] [ 76%] PASSED tests/test_pre_compile.py::test_examples_api[poetry/poetry-sample-project.toml-cli_pre_compile] tests/test_pre_compile.py::test_invalid_examples_api[ruff/unknown.toml-api_pre_compile]
[gw23] [ 76%] PASSED tests/test_pre_compile.py::test_invalid_examples_api[setuptools/attr/missing-attr-name.toml-cli_pre_compile] tests/test_pre_compile.py::test_invalid_examples_api[setuptools/packages/invalid-stub-name.toml-cli_pre_compile]
[gw29] [ 77%] PASSED tests/test_pre_compile.py::test_invalid_examples_api[setuptools/packages/missing-find-arguments.toml-api_pre_compile] tests/test_pre_compile.py::test_invalid_examples_api[setuptools/dynamic/readme-missing-file.toml-cli_pre_compile]
[gw23] [ 77%] PASSED tests/test_pre_compile.py::test_invalid_examples_api[setuptools/packages/invalid-stub-name.toml-cli_pre_compile] tests/test_pre_compile.py::test_invalid_examples_api[setuptools/pep621/license/both-text-and-file.toml-api_pre_compile]
[gw29] [ 77%] PASSED tests/test_pre_compile.py::test_invalid_examples_api[setuptools/dynamic/readme-missing-file.toml-cli_pre_compile] tests/test_pre_compile.py::test_invalid_examples_api[setuptools/pep621/license/both-text-and-file.toml-cli_pre_compile]
[gw23] [ 77%] PASSED tests/test_pre_compile.py::test_invalid_examples_api[setuptools/pep621/license/both-text-and-file.toml-api_pre_compile] tests/test_pre_compile.py::test_invalid_examples_api[setuptools/pep621/license/empty.toml-api_pre_compile]
[gw29] [ 78%] PASSED tests/test_pre_compile.py::test_invalid_examples_api[setuptools/pep621/license/both-text-and-file.toml-cli_pre_compile]
[gw23] [ 78%] PASSED tests/test_pre_compile.py::test_invalid_examples_api[setuptools/pep621/license/empty.toml-api_pre_compile] tests/test_pre_compile.py::test_invalid_examples_api[setuptools/pep621/license/empty.toml-cli_pre_compile] tests/test_pre_compile.py::test_invalid_examples_api[setuptools/pep621/readme/readme-as-array.toml-api_pre_compile]
[gw5] [ 78%] PASSED tests/test_pre_compile.py::test_invalid_examples_api[poetry/poetry-bad-multiline.toml-cli_pre_compile] tests/test_pre_compile.py::test_invalid_examples_api[store/ruff-badcode.toml-cli_pre_compile]
[gw31] [ 78%] PASSED tests/test_examples.py::test_examples_cli[poetry/poetry-sample-project.toml] tests/test_pre_compile.py::test_invalid_examples_api[store/ruff-unknown.toml-api_pre_compile]
[gw15] [ 78%] PASSED tests/test_pre_compile.py::test_invalid_examples_api[poetry/poetry-bad-multiline.toml-api_pre_compile] tests/test_pre_compile.py::test_invalid_examples_api[store/ruff-badcode.toml-api_pre_compile]
[gw23] [ 79%] PASSED tests/test_pre_compile.py::test_invalid_examples_api[setuptools/pep621/readme/readme-as-array.toml-api_pre_compile] tests/test_pre_compile.py::test_invalid_examples_api[setuptools/pep621/readme/readme-without-content-type.toml-api_pre_compile]
[gw29] [ 79%] PASSED tests/test_pre_compile.py::test_invalid_examples_api[setuptools/pep621/license/empty.toml-cli_pre_compile] tests/test_pre_compile.py::test_invalid_examples_api[setuptools/pep621/readme/readme-as-array.toml-cli_pre_compile]
[gw21] [ 79%] PASSED tests/test_examples.py::test_examples_api[poetry/poetry-inline-table.toml]
[gw24] [ 79%] PASSED tests/test_pre_compile.py::test_examples_api[ruff/modern.toml-api_pre_compile] tests/test_pre_compile.py::test_invalid_examples_api[store/cibw-overrides-noselect.toml-cli_pre_compile] tests/test_pre_compile.py::test_examples_api[poetry/poetry-inline-table.toml-cli_pre_compile]
[gw30] [ 79%] PASSED tests/test_examples.py::test_examples_cli[poetry/poetry-readme-files.toml] tests/test_pre_compile.py::test_invalid_examples_api[setuptools/cmdclass/invalid-value.toml-cli_pre_compile]
[gw23] [ 80%] PASSED tests/test_pre_compile.py::test_invalid_examples_api[setuptools/pep621/readme/readme-without-content-type.toml-api_pre_compile] tests/test_pre_compile.py::test_invalid_examples_api[pdm/redefining-as-dynamic/pyproject.toml-api_pre_compile]
[gw18] [ 80%] PASSED tests/test_pre_compile.py::test_examples_api[ruff/modern.toml-cli_pre_compile] tests/test_pre_compile.py::test_examples_api[store/example.toml-api_pre_compile]
[gw20] [ 80%] PASSED tests/test_examples.py::test_examples_api[poetry/poetry-capital-in-author-email.toml] tests/test_pre_compile.py::test_invalid_examples_api[setuptools/attr/missing-attr-name.toml-api_pre_compile]
[gw30] [ 80%] PASSED tests/test_pre_compile.py::test_invalid_examples_api[setuptools/cmdclass/invalid-value.toml-cli_pre_compile] tests/test_pre_compile.py::test_invalid_examples_api[pep621/non-standardised-project-fields/requires_instead_of_dependencies.toml-api_pre_compile]
[gw29] [ 81%] PASSED tests/test_pre_compile.py::test_invalid_examples_api[setuptools/pep621/readme/readme-as-array.toml-cli_pre_compile] tests/test_pre_compile.py::test_invalid_examples_api[pdm/redefining-as-dynamic/pyproject.toml-cli_pre_compile]
[gw17] [ 81%] PASSED tests/test_pre_compile.py::test_examples_api[poetry/poetry-sample-project.toml-api_pre_compile] tests/test_pre_compile.py::test_invalid_examples_api[setuptools/packages/missing-find-arguments.toml-cli_pre_compile]
[gw23] [ 81%] PASSED tests/test_pre_compile.py::test_invalid_examples_api[pdm/redefining-as-dynamic/pyproject.toml-api_pre_compile] tests/test_pre_compile.py::test_invalid_examples_api[pep621/non-standardised-project-fields/requires_instead_of_dependencies.toml-cli_pre_compile]
[gw14] [ 81%] PASSED tests/test_pre_compile.py::test_invalid_examples_api[cibuildwheel/overrides-noaction.toml-api_pre_compile] tests/test_pre_compile.py::test_invalid_examples_api[setuptools/dependencies/invalid-extra-name.toml-cli_pre_compile]
[gw7] [ 81%] PASSED tests/test_pre_compile.py::test_invalid_examples_api[cibuildwheel/overrides-noaction.toml-cli_pre_compile] tests/test_pre_compile.py::test_invalid_examples_api[setuptools/package-dir/invalid-name.toml-api_pre_compile]
[gw20] [ 82%] PASSED tests/test_pre_compile.py::test_invalid_examples_api[setuptools/attr/missing-attr-name.toml-api_pre_compile] tests/test_pre_compile.py::test_invalid_examples_api[pep621/non-standardised-project-fields/author_instead_of_authors.toml-cli_pre_compile]
[gw28] [ 82%] PASSED tests/test_pre_compile.py::test_invalid_examples_api[cibuildwheel/overrides-noselect.toml-cli_pre_compile] tests/test_pre_compile.py::test_invalid_examples_api[setuptools/packages/invalid-name.toml-cli_pre_compile]
[gw6] [ 82%] PASSED tests/test_pre_compile.py::test_invalid_examples_api[cibuildwheel/unknown-option.toml-api_pre_compile] tests/test_pre_compile.py::test_invalid_examples_api[setuptools/dynamic/readme-missing-file.toml-api_pre_compile]
[gw30] [ 82%] PASSED tests/test_pre_compile.py::test_invalid_examples_api[pep621/non-standardised-project-fields/requires_instead_of_dependencies.toml-api_pre_compile] tests/test_pre_compile.py::test_invalid_examples_api[pep621/missing-fields/missing-version-with-dynamic.toml-api_pre_compile]
[gw23] [ 82%] PASSED tests/test_pre_compile.py::test_invalid_examples_api[pep621/non-standardised-project-fields/requires_instead_of_dependencies.toml-cli_pre_compile]
[gw29] [ 83%] PASSED tests/test_pre_compile.py::test_invalid_examples_api[pdm/redefining-as-dynamic/pyproject.toml-cli_pre_compile] tests/test_pre_compile.py::test_invalid_examples_api[pep621/missing-fields/missing-version.toml-cli_pre_compile] tests/test_pre_compile.py::test_invalid_examples_api[pep621/missing-fields/missing-version-with-dynamic.toml-cli_pre_compile]
[gw7] [ 83%] PASSED tests/test_pre_compile.py::test_invalid_examples_api[setuptools/package-dir/invalid-name.toml-api_pre_compile] tests/test_pre_compile.py::test_invalid_examples_api[pep621/dynamic/static_entry_points_listed_as_dynamic.toml-cli_pre_compile]
[gw19] [ 83%] PASSED tests/test_pre_compile.py::test_invalid_examples_api[cibuildwheel/unknown-option.toml-cli_pre_compile] tests/test_pre_compile.py::test_invalid_examples_api[setuptools/dependencies/invalid-extra-name.toml-api_pre_compile]
[gw14] [ 83%] PASSED tests/test_pre_compile.py::test_invalid_examples_api[setuptools/dependencies/invalid-extra-name.toml-cli_pre_compile] tests/test_pre_compile.py::test_invalid_examples_api[pep621/dynamic/static_entry_points_listed_as_dynamic.toml-api_pre_compile]
[gw6] [ 84%] PASSED tests/test_pre_compile.py::test_invalid_examples_api[setuptools/dynamic/readme-missing-file.toml-api_pre_compile] tests/test_repo_review.py::test_valid_example[pdm]
[gw17] [ 84%] PASSED tests/test_pre_compile.py::test_invalid_examples_api[setuptools/packages/missing-find-arguments.toml-cli_pre_compile] tests/test_pre_compile.py::test_invalid_examples_api[pep621/missing-fields/missing-version.toml-api_pre_compile]
[gw28] [ 84%] PASSED tests/test_pre_compile.py::test_invalid_examples_api[setuptools/packages/invalid-name.toml-cli_pre_compile] tests/test_repo_review.py::test_valid_example[flit]
[gw20] [ 84%] PASSED tests/test_pre_compile.py::test_invalid_examples_api[pep621/non-standardised-project-fields/author_instead_of_authors.toml-cli_pre_compile] tests/test_repo_review.py::test_valid_example[atoml]
[gw6] [ 84%] PASSED tests/test_repo_review.py::test_valid_example[pdm]
[gw23] [ 85%] PASSED tests/test_pre_compile.py::test_invalid_examples_api[pep621/missing-fields/missing-version.toml-cli_pre_compile]
[gw7] [ 85%] PASSED tests/test_pre_compile.py::test_invalid_examples_api[pep621/dynamic/static_entry_points_listed_as_dynamic.toml-cli_pre_compile] tests/test_repo_review.py::test_valid_example[trampolim] tests/test_vendoring.py::test_api tests/test_repo_review.py::test_invalid_example[pdm/redefining-as-dynamic]
[gw30] [ 85%] PASSED tests/test_pre_compile.py::test_invalid_examples_api[pep621/missing-fields/missing-version-with-dynamic.toml-api_pre_compile] tests/test_repo_review.py::test_valid_example[pep_text]
[gw14] [ 85%] PASSED tests/test_pre_compile.py::test_invalid_examples_api[pep621/dynamic/static_entry_points_listed_as_dynamic.toml-api_pre_compile] tests/test_repo_review.py::test_has_distutils
[gw6] [ 85%] PASSED tests/test_vendoring.py::test_api
[gw28] [ 86%] PASSED tests/test_repo_review.py::test_valid_example[flit] tests/test_vendoring.py::test_main
[gw19] [ 86%] PASSED tests/test_pre_compile.py::test_invalid_examples_api[setuptools/dependencies/invalid-extra-name.toml-api_pre_compile]
[gw29] [ 86%] PASSED tests/test_pre_compile.py::test_invalid_examples_api[pep621/missing-fields/missing-version-with-dynamic.toml-cli_pre_compile] tests/test_repo_review.py::test_no_distutils tests/test_repo_review.py::test_invalid_example[pdm/invalid-version]
[gw20] [ 86%] PASSED tests/test_repo_review.py::test_valid_example[atoml]
[gw7] [ 87%] PASSED tests/test_repo_review.py::test_invalid_example[pdm/redefining-as-dynamic]
[gw28] [ 87%] PASSED tests/test_vendoring.py::test_main
[gw17] [ 87%] PASSED tests/test_pre_compile.py::test_invalid_examples_api[pep621/missing-fields/missing-version.toml-api_pre_compile] tests/test_vendoring.py::test_cli
[gw23] [ 87%] PASSED tests/test_repo_review.py::test_valid_example[trampolim]
[gw14] [ 87%] PASSED tests/test_repo_review.py::test_has_distutils
[gw17] [ 88%] PASSED tests/test_vendoring.py::test_cli
[gw30] [ 88%] PASSED tests/test_repo_review.py::test_valid_example[pep_text]
[gw19] [ 88%] PASSED tests/test_repo_review.py::test_no_distutils
[gw29] [ 88%] PASSED tests/test_repo_review.py::test_invalid_example[pdm/invalid-version]
[gw24] [ 89%] PASSED tests/test_pre_compile.py::test_examples_api[poetry/poetry-inline-table.toml-cli_pre_compile] tests/test_pre_compile.py::test_invalid_examples_api[pep621/incorrect-subtables/author_with_extra_fields.toml-cli_pre_compile]
[gw11] [ 89%] PASSED tests/test_examples.py::test_invalid_examples_api[ruff/unknown.toml] tests/test_examples.py::test_invalid_examples_api[localtool/fail1.toml]
[gw24] [ 89%] PASSED tests/test_pre_compile.py::test_invalid_examples_api[pep621/incorrect-subtables/author_with_extra_fields.toml-cli_pre_compile]
[gw11] [ 89%] PASSED tests/test_examples.py::test_invalid_examples_api[localtool/fail1.toml] tests/test_examples.py::test_invalid_examples_api[localtool/fail2.toml]
[gw8] [ 89%] PASSED tests/test_examples.py::test_invalid_examples_cli[ruff/badcode.toml] tests/test_examples.py::test_invalid_examples_cli[ruff/unknown.toml]
[gw4] [ 90%] PASSED tests/test_pre_compile.py::test_invalid_examples_api[ruff/badcode.toml-api_pre_compile] tests/test_pre_compile.py::test_invalid_examples_api[setuptools/package-dir/invalid-name.toml-cli_pre_compile]
[gw11] [ 90%] PASSED tests/test_examples.py::test_invalid_examples_api[localtool/fail2.toml]
[gw10] [ 90%] PASSED tests/test_pre_compile.py::test_invalid_examples_api[ruff/unknown.toml-cli_pre_compile] tests/test_pre_compile.py::test_invalid_examples_api[setuptools/dynamic/readme-too-many.toml-api_pre_compile]
[gw26] [ 90%] PASSED tests/test_pre_compile.py::test_invalid_examples_api[ruff/badcode.toml-cli_pre_compile] tests/test_pre_compile.py::test_invalid_examples_api[setuptools/packages/invalid-name.toml-api_pre_compile]
[gw4] [ 90%] PASSED tests/test_pre_compile.py::test_invalid_examples_api[setuptools/package-dir/invalid-name.toml-cli_pre_compile]
[gw10] [ 91%] PASSED tests/test_pre_compile.py::test_invalid_examples_api[setuptools/dynamic/readme-too-many.toml-api_pre_compile]
[gw25] [ 91%] PASSED tests/test_pre_compile.py::test_invalid_examples_api[ruff/unknown.toml-api_pre_compile] tests/test_pre_compile.py::test_invalid_examples_api[setuptools/dynamic/readme-too-many.toml-cli_pre_compile]
[gw26] [ 91%] PASSED tests/test_pre_compile.py::test_invalid_examples_api[setuptools/packages/invalid-name.toml-api_pre_compile]
[gw25] [ 91%] PASSED tests/test_pre_compile.py::test_invalid_examples_api[setuptools/dynamic/readme-too-many.toml-cli_pre_compile]
[gw8] [ 92%] PASSED tests/test_examples.py::test_invalid_examples_cli[ruff/unknown.toml]
[gw2] [ 92%] PASSED tests/test_examples.py::test_examples_cli[store/example.toml] tests/test_examples.py::test_invalid_examples_api[cibuildwheel/overrides-noselect.toml]
[gw1] [ 92%] PASSED tests/test_examples.py::test_invalid_examples_api[store/ruff-badcode.toml] tests/test_examples.py::test_invalid_examples_api[store/cibw-overrides-noselect.toml]
[gw3] [ 92%] PASSED tests/test_examples.py::test_invalid_examples_cli[store/cibw-unknown-option.toml] tests/test_examples.py::test_invalid_examples_cli[store/ruff-unknown.toml]
[gw2] [ 92%] PASSED tests/test_examples.py::test_invalid_examples_api[cibuildwheel/overrides-noselect.toml] tests/test_examples.py::test_invalid_examples_api[cibuildwheel/overrides-noaction.toml]
[gw9] [ 93%] PASSED tests/test_examples.py::test_invalid_examples_cli[store/cibw-overrides-noaction.toml] tests/test_pre_compile.py::test_invalid_examples_api[localtool/fail1.toml-api_pre_compile]
[gw9] [ 93%] PASSED tests/test_pre_compile.py::test_invalid_examples_api[localtool/fail1.toml-api_pre_compile]
[gw0] [ 93%] PASSED tests/test_pre_compile.py::test_invalid_examples_api[store/cibw-overrides-noaction.toml-cli_pre_compile] tests/test_pre_compile.py::test_invalid_examples_api[store/ruff-unknown.toml-cli_pre_compile]
[gw22] [ 93%] PASSED tests/test_examples.py::test_examples_api[store/example.toml] tests/test_pre_compile.py::test_invalid_examples_api[store/cibw-overrides-noselect.toml-api_pre_compile]
[gw27] [ 93%] PASSED tests/test_pre_compile.py::test_invalid_examples_api[store/cibw-unknown-option.toml-api_pre_compile] tests/test_pre_compile.py::test_invalid_examples_api[setuptools/cmdclass/invalid-value.toml-api_pre_compile]
[gw2] [ 94%] PASSED tests/test_examples.py::test_invalid_examples_api[cibuildwheel/overrides-noaction.toml] tests/test_examples.py::test_invalid_examples_api[cibuildwheel/unknown-option.toml]
[gw12] [ 94%] PASSED tests/test_pre_compile.py::test_invalid_examples_api[store/cibw-overrides-noaction.toml-api_pre_compile] tests/test_pre_compile.py::test_invalid_examples_api[store/cibw-unknown-option.toml-cli_pre_compile]
[gw27] [ 94%] PASSED tests/test_pre_compile.py::test_invalid_examples_api[setuptools/cmdclass/invalid-value.toml-api_pre_compile]
[gw13] [ 94%] PASSED tests/test_examples.py::test_invalid_examples_api[store/cibw-overrides-noaction.toml] tests/test_examples.py::test_invalid_examples_api[store/cibw-unknown-option.toml]
[gw16] [ 95%] PASSED tests/test_pre_compile.py::test_examples_api[store/example.toml-cli_pre_compile] tests/test_pre_compile.py::test_invalid_examples_api[setuptools/packages/invalid-stub-name.toml-api_pre_compile]
[gw16] [ 95%] PASSED tests/test_pre_compile.py::test_invalid_examples_api[setuptools/packages/invalid-stub-name.toml-api_pre_compile]
[gw5] [ 95%] PASSED tests/test_pre_compile.py::test_invalid_examples_api[store/ruff-badcode.toml-cli_pre_compile] tests/test_pre_compile.py::test_invalid_examples_api[setuptools/pep621/readme/readme-without-content-type.toml-cli_pre_compile]
[gw15] [ 95%] PASSED tests/test_pre_compile.py::test_invalid_examples_api[store/ruff-badcode.toml-api_pre_compile] tests/test_pre_compile.py::test_invalid_examples_api[pdm/invalid-version/pyproject.toml-cli_pre_compile]
[gw2] [ 95%] PASSED tests/test_examples.py::test_invalid_examples_api[cibuildwheel/unknown-option.toml]
[gw5] [ 96%] PASSED tests/test_pre_compile.py::test_invalid_examples_api[setuptools/pep621/readme/readme-without-content-type.toml-cli_pre_compile]
[gw21] [ 96%] PASSED tests/test_pre_compile.py::test_invalid_examples_api[store/cibw-overrides-noselect.toml-cli_pre_compile] tests/test_pre_compile.py::test_invalid_examples_api[pep621/incorrect-subtables/author_with_extra_fields.toml-api_pre_compile]
[gw31] [ 96%] PASSED tests/test_pre_compile.py::test_invalid_examples_api[store/ruff-unknown.toml-api_pre_compile] tests/test_pre_compile.py::test_invalid_examples_api[pdm/invalid-version/pyproject.toml-api_pre_compile]
[gw15] [ 96%] PASSED tests/test_pre_compile.py::test_invalid_examples_api[pdm/invalid-version/pyproject.toml-cli_pre_compile]
[gw18] [ 96%] PASSED tests/test_pre_compile.py::test_examples_api[store/example.toml-api_pre_compile] tests/test_pre_compile.py::test_invalid_examples_api[pep621/non-standardised-project-fields/author_instead_of_authors.toml-api_pre_compile]
[gw21] [ 97%] PASSED tests/test_pre_compile.py::test_invalid_examples_api[pep621/incorrect-subtables/author_with_extra_fields.toml-api_pre_compile]
[gw31] [ 97%] PASSED tests/test_pre_compile.py::test_invalid_examples_api[pdm/invalid-version/pyproject.toml-api_pre_compile]
[gw18] [ 97%] PASSED tests/test_pre_compile.py::test_invalid_examples_api[pep621/non-standardised-project-fields/author_instead_of_authors.toml-api_pre_compile]
[gw1] [ 97%] PASSED tests/test_examples.py::test_invalid_examples_api[store/cibw-overrides-noselect.toml] tests/test_examples.py::test_invalid_examples_api[setuptools/cmdclass/invalid-value.toml]
[gw1] [ 98%] PASSED tests/test_examples.py::test_invalid_examples_api[setuptools/cmdclass/invalid-value.toml] tests/test_examples.py::test_invalid_examples_api[setuptools/attr/missing-attr-name.toml]
[gw1] [ 98%] PASSED tests/test_examples.py::test_invalid_examples_api[setuptools/attr/missing-attr-name.toml]
[gw3] [ 98%] PASSED tests/test_examples.py::test_invalid_examples_cli[store/ruff-unknown.toml] tests/test_examples.py::test_invalid_examples_cli[store/ruff-badcode.toml]
[gw0] [ 98%] PASSED tests/test_pre_compile.py::test_invalid_examples_api[store/ruff-unknown.toml-cli_pre_compile]
[gw22] [ 98%] PASSED tests/test_pre_compile.py::test_invalid_examples_api[store/cibw-overrides-noselect.toml-api_pre_compile]
